9315091 a composite number?
False
Is 1976519 a prime number?
True
Is 147516107 a prime number?
False
Is 10144807 composite?
True
Is 9361945 prime?
False
Is 2288137 a prime number?
False
Is 270887629 a prime number?
False
Is 745837 composite?
False
Is 22855801 prime?
True
Is 544862083 a composite number?
True
Is 54503209 a prime number?
False
Is 2361629 composite?
False
Is 263653381 a composite number?
True
Is 41156849 composite?
False
Is 2820973 prime?
False
Is 9085037 a prime number?
False
Is 10255799 a prime number?
True
Is 9366377 a composite number?
True
Is 2161 a prime number?
True
Is 27596053 a composite number?
False
Is 331881773 a prime number?
True
Is 24104321 composite?
False
Is 2161080907 a composite number?
False
Is 130423 a composite number?
False
Is 175907 a prime number?
False
Is 26675417 prime?
True
Is 1797751 a prime number?
True
Is 376437011 a composite number?
False
Is 3608609071 a composite number?
False
Is 23287139 a prime number?
False
Is 2298547 a composite number?
True
Is 150684101 a composite number?
False
Is 2420111 composite?
False
Is 42510673 composite?
False
